4
Calculate -2 - (8 + -5 + 4).
-9
What is -6 + (11 - (6 - -3))?
-4
What is the value of 1 + -1 + (13 - (18 + -9))?
4
(0 - -4 - 2) + 6 + -12
-4
What is the value of 2 + -7 + 2 + 0?
-3
Calculate 29 - 30 - (-4 + 1) - -2.
4
Evaluate 2 - (1 + -5 + 3).
3
What is 1 + 0 + 0 + 22 + -19?
4
What is the value of 1 - -2 - (-2 + 4 - -3)?
-2
What is the value of -5 - (10 + -6 + -8)?
-1
Evaluate 2 + (8 - 7 - (-1 + 4)).
0
Calculate 7 + -2 + (-6 - -2).
1
What is the value of 4 + 0 + -9 - (-6 - -9)?
-8
Evaluate 8 + (-10 + (5 - 0) - -2).
5
What is 8 + (-5 - -4) + (-1 - 2)?
4
What is the value of (12 - (-2 - -8)) + (3 - 3)?
6
Evaluate -2 + 7 - (4 + -4 + 4).
1
Calculate -87 - -89 - (1 - -2).
-1
Calculate 6 + (-5 - -3 - -2) - 0.
6
Calculate -1 + 4 - 9 - -2.
-4
What is (-1 - 0) + (2 - (1 + 0))?
0
(7 - 5) + -3 + -2
-3
(2 - -1) + (12 - 10) + -7
-2
6 - ((-4 - -4) + -4 + 8)
2
Evaluate 6 + -1 + -3 - -2.
4
(1 - 7) + (-9 + 3 - -5)
-7
Evaluate -22 - -18 - (-8 + 2).
2
Calculate -12 + 4 - (-3 + -23 + 11).
7
-3 - -4 - (-2 + (0 - 0))
3
What is the value of 1 + 3 + -1 - -1 - -2?
6
15 + (-10 - 7 - -8)
6
What is 2 - 6 - (6 + -5)?
-5
Calculate -6 + (-1 - -3 - -4).
0
-5 - (-6 + (-4 - -6))
-1
What is 3 - (-3 + (1 - -6))?
-1
2 - (11 + (-2 - 4))
-3
Calculate -13 - (-5 + 4 + 1 + -7).
-6
What is the value of 2 + 0 - 10 - -2?
-6
What is 0 + -2 - (4 + -2 + -1)?
-3
Calculate 5 + 3 + -2 - 11.
-5
Evaluate (-4 - (6 + -4 - 8)) + -1.
1
(-5 - (-12 + (-2 - -5))) + -2
2
Evaluate -1 + (-3 + 0 - (2 - 1)).
-5
What is (-1 - -4) + (-20 - -12)?
-5
Evaluate -5 + (13 + (-2 - 0) - 3).
3
2 + -2 + (-22 - -15)
-7
Evaluate (-2 + 2 - 5) + (3 - 0).
-2
Calculate (6 - 2 - 5) + (-4 - 3).
-8
What is 0 + 0 + 0 - (-329 + 336)?
-7
What is the value of 12 + (-26 - -10) + (1 - 0)?
-3
What is the value of -2 - (0 - 5 - 2)?
5
(3 + (3 - 10) - -8) + 2
6
Evaluate (-1 - 2) + 17 + -7 + -5.
2
Evaluate 4 - (7 + -5 - -4).
-2
What is 1 + (-4 - (0 + -5) - 3)?
-1
Evaluate 5 - 9 - (-1 - 0).
-3
Evaluate 0 + (9 - 7) + -7.
-5
-147 + 137 + 0 + 3
-7
What is 4 - ((17 - 12) + -1 + 1)?
-1
What is 6 - (-6 - (-2 - 8))?
2
What is 7 + -3 + (-1 - 0)?
3
Evaluate -13 - -16 - (0 + 8).
-5
-2 - (-11 - (2 + -7))
4
-1 + (4 - 3) + -1 + -1
-2
Evaluate 2 - (-2 + (7 - 4) - -2).
-1
What is -8 + (2 - -6) + 6?
6
Calculate 5 - (-12 + 12 + -9 + 4).
10
1 + -14 - (1 - 6) - -2
-6
47 + -46 + -6 + 0
-5
What is (7 - (-1 - -4)) + 4 + -9?
-1
What is the value of -8 + 2 + 14 + -10?
-2
1 + -3 - (8 - (14 - 4))
0
What is (1 + (1 - 3) - -4) + 0?
3
What is -3 + 6 - 3 - -5?
5
What is 6 + -4 + -2 + 3?
3
-4 + 2 + 3 + -1 + -5
-5
Evaluate 3 - (12 + 11 + -12).
-8
What is -1 - 1 - (33 - 36)?
1
Evaluate -2 - (3 + -8) - 10.
-7
2 + -2 + 2 - (3 - 5)
4
What is (-5 - (1 + (-1 - 3))) + 5?
3
Calculate (-2 - 4) + 26 + -18.
2
What is the value of 1 + 2 + -7 - 0?
-4
What is the value of (2 - (-2 - -1)) + (-198 - -193)?
-2
What is the value of 0 + -1 + (-14 - 2 - -15)?
-2
What is the value of 6 - (-4 + 7 + 0)?
3
What is 80 + -89 - (0 - -2 - 3)?
-8
What is -29 + 5 + 6 + 7?
-11
What is the value of 2 + 0 + -7 + -3 + 9?
1
Calculate 3 + (-3 - 1) - 4.
-5
What is the value of 3 - (1 + 12 + -6)?
-4
Calculate (0 - (-6 + 5)) + 1 - 2.
0
Evaluate (-14 - -7) + 6 - -2.
1
Evaluate -1 + (0 - (4 - 4)) + 4.
3
What is -4 + 18 + (-32 - -29)?
11
What is the value of 7 - 6 - (-2 + 2)?
1
What is the value of -2 + -2 + (-5 - -1) + 6?
-2
What is the value of 10 + -4 - 12 - -7?
1
Evaluate -5 - (-11 - (-5 - 1)).
0
What is the value of 0 + -4 + (2 - -2) + 1?
1
What is -2 + (-3 - (0 + 2))?
-7
3 - 6 - (3 + -4 + -2)
0
0 + -11 + 9 - (-8 - 1)
7
Evaluate -5 - -1 - (0 - (4 - 0)).
0
Calculate 5 + (-1 - (-1 - -1)) + -3.
1
What is -3 + 2 + 0 + 0?
-1
Evaluate (1 - 5) + -1 + 5.
0
What is the value of (7 - 1) + (-13 - -11) + -5?
-1
23 + -35 - (2 - 6 - 2)
-6
What is -3 + 3 - 2 - -5 - 13?
-10
What is 3 + (-3 + -3 + 5 - 3)?
-1
What is -6 + -15 + -1 + 14?
-8
Evaluate -10 + 7 + -2 + 10.
5
Calculate -2 + (4 - 6) + 3.
-1
What is (11 - (2 - -10)) + -2 + 0?
-3
3 - 4 - -3 - (16 - 9)
-5
Evaluate -4 + 4 + (1 - 5).
-4
Evaluate -10 - (0 - 11 - -4).
-3
Calculate -2 + 1 + (-5 - -5 - 4).
-5
5 - (-12 + 8) - 6
3
-22 - -21 - (1 - 0) - -3
1
What is the value of -4 - (1 + (-3 - -3) + -3)?
-2
Evaluate -7 + 1 + (-4 - -2) + 5.
-3
What is 0 - ((7 - 4) + (-1 - -4))?
-6
What is (9 - 3) + (5 - 14) + 2?
-1
Calculate 5 + (4 - 5) + -11 + 5.
-2
Calculate 0 + -3 + 9 + -10 + 5.
1
What is the value of -2 + (0 - 6) - -9?
1
Calculate (-3 - -3) + 5 + -1 + -8.
-4
What is -2 + -2 - (-2 + 0 + 0)?
-2
Evaluate -7 + 5 + -5 + (0 - -5).
-2
Evaluate 7 - ((2 - 8) + 9).
4
-3 - (-2 + 0) - -7
6
Evaluate 4 + (4 - -3) - 9.
2
What is 1 - (1 + 0 + -1 + -1)?
2
Calculate (13 - 4 - 2) + -9 + 1.
-1
Calculate 4 + -7 - 0 - -2.
-1
What is the value of (6 - 9) + -4 + 16?
9
-3 - (-5 - -3) - (-1 - -5)
-5
What is the value of -1 + -2 - (-12 - -8)?
1
8 + 9 + -8 - 6
3
Evaluate 1 + (-4 - -3) + 1.
1
What is 71 + -63 - (2 + -2 - -1)?
7
-5 - 3 - -5 - -6
3
Calculate 1 + 0 + -4 + (-7 - -8).
-2
What is the value of (0 - (-3 + 0)) + (2 - 3)?
2
What is the value of (-5 - -4) + 0 - -5?
4
Calculate -3 - -6 - (-2 - -6).
-1
Calculate 7 + -5 + (-1 - (-7 + 3)).
5
What is the value of -6 + (-12 - -18) - (5 + -2)?
-3
11 - (24 + (-11 - 1))
-1
2 + -4 + 1 - 2
-3
Evaluate 9 + -10 - (-6 + 3) - 3.
-1
Calculate 1 + -3 + -7 + 6.
-3
Calculate (0 - -10) + (5 - 8) + -4.
3
Calculate -13 - (-12 - -5 - 1).
-5
What is (-5 - -1) + (-10 - -17)?
3
What is the value of 10 + -4 + -4 - (-2 - 1)?
5
What is 6 + (-10 - -7) + (-2 - 6)?
-5
Evaluate 9 + 1 - (68 - 64).
6
Evaluate ((-3 - -4) + 2 - 0) + -5.
-2
Calculate 111 + -104 - (11 - 1).
-3
-5 + 8 + -12 + 7
-2
What is 6 - -2 - (-14 + 5 - -13)?
4
What is the value of 10 - (9 - (6 + -5))?
2
Evaluate (5 - 1) + (-4 - -9 - 3).
6
0 - (-3 + 1) - (1 - 2)
3
What is 7 + (2 - (-1 + 4 - -1))?
5
Calculate 8 - (-4 + -4 + 7).
9
Evaluate -7 - (9 - (-4 + 10 - -1)).
-9
What is the value of -11 + 4 - (-3 + (-3 - -3))?
-4
Calculate 1 + 4 + (3 - (-2 - -5)).
5
What is the value of -2 - (5 + -2 - -3)?
-8
-2 - (-3 + -1 - 0 - 0)
2
Evaluate 3 + (-3 + -1 - (-58 + 60)).
-3
Calculate (5 - 2) + -20 + 14.
-3
What is 0 - 2 - (4 + -5)?
-1
Evaluate 2 - (9 + -1 - 2).
-4
-2 - (-5 - -2 - -3 - 1)
-1
Evaluate -5 + -7 + 10 - 4.
-6
Evaluate -5 - (-2 + -2 + 5 + -4).
-2
Evaluate 2 - (2 + (0 - (4 - 1))).
3
What is 1 - ((-2 - -7) + -10)?
6
Calculate 9 + -7 + 3 - (-1 - -1).
5
-13 - (-10 - -5) - -8
0
Evaluate -18 + -12 + -5 + 29.
-6
What is (-9 - (-14 + 0)) + -14?
-9
What is -4 + 12 + -12 + -1 + 1?
-4
What is 3 + -6 + 5 + -7?
-5
Calculate -4 + (9 - 7) + 3.
1
What is the value of (3 - -2) + -2 + 3 + -4?
2
5 + (-4 - (3 - 6 - -2))
2
What is -12 - (2 - 3 - 6)?
-5
Evaluate -1 + 2 - (0 + -8 + 9).
0
What is the value of 2 - 10 - -12 - 4?
0
Calculate 11 + -2 + (3 - -1) + -8.
5
Calculate -2 + -1 - 0 - -1 - 3.
-5
What is the value of 11 + -13 - (-1 + 0)?
-1
What is 11 + (-2 - (-3 + 6))?
6
What is 7 - (5 + (-4 - -11 - 8))?
3
Calculate 17 + (-18 - 7) - (-6 - 0).
-2
What is (-8 - -9) + (0 - -2)?
3
Evaluate -10 + 0 + 11 + -5.
-4
What is 3 + -4 - (8 - 5)?
-4
Evaluate (3 - (0 + 6)) + 3.
0
What is (-1 - -1) + (-33 - -38) - 7?
-2
What is (-5 - -5) + -2 + (-5 - -8)?
1
Calculate -2 - 0 - (-13 + 5 - -4).
2
What is (7 - (6 + (-4 - -3))) + 1?
3
What is the value of 9 + -8 + -9 + 4?
-4
Evaluate 1 + (-8 - -5) + -3 + 2.
-3
Evaluate 8 + 0 + 1 + -14 + -3.
-8
17 - 22 - (-1 - 8)
4
What is the value of (-40 - -41) + -1 + 1 + -3?
-2
Calculate 4 + -3 + -2 + 3 + -1.
1
4 + 1 + 43 + -42
6
Calculate 0 + -4 + 0 - (-2 - -1).
-3
What is the value of 2 - -9 - (18 + -11)?
4
What is the value of (-1 - (-4 + 11)) + 4 + 2?
-2
Calculate -2 - (-2 + -1 - -1).
0
What is the value of -1 + 2 + 2 + -1 + -7?
-5
What is -1 + 1 + 0 - (-11 - -8)?
3
What is the value of (-2 - (7 + -6)) + -11 + 6?
-8
Calculate 2 + (0 - (5 - -1)).
-4
Calculate -4 + (4 - (-1 + 4)).
-3
What is the value of -5 - -2 - (-13 - (-4 - 4))?
2
What is the value of (-24 - -22) + 12 + 0?
10
What is 4 + (-8 - -5) + 2?
3
-3 - (3 + -2 + -1) - -3
0
Calculate (0 - (-3 + 5)) + (-5 - -6).
-1
What is 0 - 0 - -4 - 4?
0
Evaluate 3 + (-5 + 1 - (-12 - -10)).
1
Evaluate -2 + (2 + 3 - -3).
6
Calculate -2 - (-2 - (-4 - -3)).
-1
-5 - (4 + -5 + -4)
0
Evaluate (2 + 2 - 2) + -5.
-3
Evaluate 6 + (5 - (21 + (-2 - 2))).
-6
What is 10 - 16 - (1 